{"id":952,"date":"2016-11-15T13:46:22","date_gmt":"2016-11-15T11:46:22","guid":{"rendered":"http:\/\/gefaehrliche-liebschaften.de\/?page_id=952"},"modified":"2026-03-30T09:53:46","modified_gmt":"2026-03-30T07:53:46","slug":"ueber","status":"publish","type":"page","link":"https:\/\/gefaehrliche-liebschaften.de\/?page_id=952","title":{"rendered":"Wir"},"content":{"rendered":"\n<p>Das Wort SYNDIKAT bezeichnet einen Zusammenschluss. GEF\u00c4HRLICH steht f\u00fcr Risikofreude. Und hinter dem Wort LIEBSCHAFTEN steckt, dass wir an jedem Ort Verb\u00fcndete suchen, mit denen wir ein Projekt realisieren.<\/p>\n\n\n\n<p>Das Syndikat Gef\u00e4hrliche Liebschaften verbindet sich mit l\u00e4ndlichen R\u00e4umen und Gemeinschaften in ganz Deutschland durch sozial engagierte Kunst. In unserer Arbeit \u00fcben wir Formen des Erz\u00e4hlens \u00fcber und aus Peripherien, die zu einem Perspektivwechsel einladen und unsere Verflechtungen miteinander zeigen. Im Jahr 2023 feierte das Syndikat sein 10-j\u00e4hriges Bestehen.<br><br>Die prozessorientierte Praxis von Syndikat Gef\u00e4hrliche Liebschaften stellt die Entwicklung von Beziehungen in den Mittelpunkt. Das Syndikat arbeitet in unterschiedlichen Medien wie Ausstellungen, H\u00f6rspielen, Festen oder Spazierg\u00e4ngen &#8211; denn die Form muss zur lokalen Konstellation passen. Die Zahl der Teilnehmenden kann je nach Projekt und Ort zwischen 10 und 100 variieren.<\/p>\n\n\n\n<p><em>2020-2022 wurden wir durch die Plattform \u201eFreischwimmen\u201c unterst\u00fctzt. 2024-2026 k\u00f6nnen wir uns mit der walisischen<br>Gruppe Dyffryn Dyfodol als Teil von \u201cCultural Bridge\u201d austauschen. 2025-2027 erhalten wir eine dreij\u00e4hrige<br>Konzeptionsf\u00f6rderung des Nieders\u00e4chsischen Ministeriums f\u00fcr Wissenschaft und Kultur.<\/em><\/p>\n\n\n\n<figure class=\"wp-block-image size-large\"><img loading=\"lazy\" decoding=\"async\" width=\"700\" height=\"447\" src=\"https:\/\/gefaehrliche-liebschaften.de\/wp-content\/uploads\/2025\/07\/signal-2025-07-08-12-01-53-673-700x447.jpg\" alt=\"\" class=\"wp-image-2285\" srcset=\"https:\/\/gefaehrliche-liebschaften.de\/wp-content\/uploads\/2025\/07\/signal-2025-07-08-12-01-53-673-700x447.jpg 700w, https:\/\/gefaehrliche-liebschaften.de\/wp-content\/uploads\/2025\/07\/signal-2025-07-08-12-01-53-673-300x192.jpg 300w, https:\/\/gefaehrliche-liebschaften.de\/wp-content\/uploads\/2025\/07\/signal-2025-07-08-12-01-53-673-175x112.jpg 175w, https:\/\/gefaehrliche-liebschaften.de\/wp-content\/uploads\/2025\/07\/signal-2025-07-08-12-01-53-673-768x491.jpg 768w, https:\/\/gefaehrliche-liebschaften.de\/wp-content\/uploads\/2025\/07\/signal-2025-07-08-12-01-53-673-1536x982.jpg 1536w, https:\/\/gefaehrliche-liebschaften.de\/wp-content\/uploads\/2025\/07\/signal-2025-07-08-12-01-53-673-1568x1002.jpg 1568w, https:\/\/gefaehrliche-liebschaften.de\/wp-content\/uploads\/2025\/07\/signal-2025-07-08-12-01-53-673.jpg 2048w\" sizes=\"auto, (max-width: 700px) 100vw, 700px\" \/><\/figure>\n\n\n\n<hr class=\"wp-block-separator has-css-opacity\"\/>\n\n\n\n<p><strong>Micha Kranixfeld<\/strong> arbeitet als K\u00fcnstler und Kulturwissenschaftler. Neben dem Syndikat ist er auch Mitglied in der Performancegruppe Frl. Wunder AG. Als Kulturwissenschaftler forscht Micha zu Kultur &amp; Diversit\u00e4t in l\u00e4ndlichen R\u00e4umen und lehrt an verschiedenen Hochschulen. <\/p>\n\n\n\n<p><strong>Aishe Spalthoff<\/strong> lebt in der nieders\u00e4chsischen Kleinstadt Quakenbr\u00fcck. Hier f\u00fchrte sie mehrere Jahre einen gut sortierten Kiosk. Sie realisiert Projekte als Regisseurin, Produktionsleitung, Workshopleiterin und Performerin. Schwerpunkt ihrer Arbeit bilden Begegnungsformate im l\u00e4ndlich gepr\u00e4gten Raum mit Syndikat Gef\u00e4hrliche Liebschaften und Inszenierungen f\u00fcr die B\u00fchne mit James &amp; Priscilla.<\/p>\n\n\n\n<p><strong>Silvan Stephan<\/strong> lebt in Osterholz-Scharmbeck und arbeitet als Regisseur und Theaterp\u00e4dagoge in Deutschland und der Schweiz. Er realisiert Projekte und Workshops mit jungen Menschen mit Menschen ohne Theatererfahrung und in der Freien Theaterszene. Neben Inszenierungen f\u00fcr die B\u00fchne liebt er transdisziplin\u00e4res, ortsspezifisches und dokumentarisches Arbeiten und Video als Gestaltungsmittel.&nbsp;<\/p>\n\n\n\n<p><strong>Nadja S\u00fchnel<\/strong> arbeitet als Performerin und Medienk\u00fcnstlerin. Seit 2023 studiert sie Experimentelles Radio an der Bauhaus Universit\u00e4t Weimar, wo sie auch eigene Lehrveranstaltungen anbietet. Am liebsten initiiert sie Auff\u00fchrungen als kleine kollektive Zeremonien, in denen zusammen gesungen oder zugeh\u00f6rt wird. Aufgewachsen in Jena, interessiert sie sich insbesondere f\u00fcr Perspektiven l\u00e4ndlicher R\u00e4ume in Th\u00fcringen.<\/p>\n\n\n\n<p><strong>Marleen Wolter <\/strong>arbeitet als Performerin und Kulturwissenschaftlerin. Neben der Arbeit mit dem Syndikat entwickelt sie Theaterperformances und Interventionen mit dem feministischen Performance-Kollektiv Frl. Wunder AG. Marleen gibt Lehrveranstaltungen und Workshops im Bereich k\u00fcnstlerische Forschung und Performance f\u00fcr Universit\u00e4ten, Festivals und andere Institutionen. Sie wurde in Mittelhessen sozialisiert und lebt in Berlin.<\/p>\n\n\n\n<p><strong>Felix Worpenberg<\/strong> ist freischaffender Theatermacher und k\u00fcnstlerischer Produktionsleiter, neben dem Syndikat auch mit DIE SOZIALE FIKTION. Er ist in Friesland aufgewachsen. Felix war Teil des Leitungsteams des flausen+BANDEN! Festivals in Oldenburg, der Jury f\u00fcr freie Theaterf\u00f6rderung des Landes Sachsen-Anhalt und arbeitet beim Bundesnetzwerk flausen+ in der Koordination von Programmen wie dem flausen+stipendium.<\/p>\n\n\n\n<hr class=\"wp-block-separator has-alpha-channel-opacity\"\/>\n\n\n\n<p>Diese K\u00fcnstler*innen pr\u00e4gen die Arbeit des Syndikats mit uns:<\/p>\n\n\n\n<p><strong>Katharina Becklas &amp; Estrella Jurado<\/strong><br>In ihrer Arbeit werden Raum und Kost\u00fcme zu performativen Elementen. Besonderen Fokus legen sie in ihrer k\u00fcnstlerischen Praxis auf nachhaltiges und ressourcenschonendes Arbeiten. (<a href=\"https:\/\/www.becklasjurado.de\/\" data-type=\"link\" data-id=\"https:\/\/www.becklasjurado.de\/\" target=\"_blank\" rel=\"noreferrer noopener\">mehr&#8230;<\/a>)<\/p>\n\n\n\n<p><strong>Dominik Steinmann<\/strong><br>Sein &#8222;B\u00fcro unbekannt Berlin&#8220; hat sich auf partizipative Kunstprojekte im urbanen Raum, Szenografie und B\u00fchnenbild spezialisiert. Uns verbindet das Arbeiten an Schnittstellen zwischen Kunst und Sozialem. (<a href=\"https:\/\/www.buerounbekannt.com\/\" data-type=\"link\" data-id=\"https:\/\/www.buerounbekannt.com\/\" target=\"_blank\" rel=\"noreferrer noopener\">mehr&#8230;<\/a>)<\/p>\n\n\n\n<p><strong>Mara May<\/strong><br>Als Autorin und Regisseurin f\u00fcrs Radio steht dokumentarische Arbeit f\u00fcr sie im Mittelpunkt. Sie arbeitet gerne partizipativ, gibt Workshops f\u00fcr Jugendliche und erarbeitet Audiowalks.<\/p>\n","protected":false},"excerpt":{"rendered":"<p>Das Wort SYNDIKAT bezeichnet einen Zusammenschluss. GEF\u00c4HRLICH steht f\u00fcr Risikofreude. Und hinter dem Wort LIEBSCHAFTEN steckt, dass wir an jedem Ort Verb\u00fcndete suchen, mit denen wir ein Projekt realisieren. Das Syndikat Gef\u00e4hrliche Liebschaften verbindet sich mit l\u00e4ndlichen R\u00e4umen und Gemeinschaften in ganz Deutschland durch sozial engagierte Kunst. In unserer Arbeit \u00fcben wir Formen des Erz\u00e4hlens&hellip; <a class=\"more-link\" href=\"https:\/\/gefaehrliche-liebschaften.de\/?page_id=952\"><span class=\"screen-reader-text\">Wir<\/span> weiterlesen<\/a><\/p>\n","protected":false},"author":1,"featured_media":0,"parent":0,"menu_order":0,"comment_status":"closed","ping_status":"closed","template":"","meta":{"footnotes":""},"class_list":["post-952","page","type-page","status-publish","hentry","entry"],"_links":{"self":[{"href":"https:\/\/gefaehrliche-liebschaften.de\/index.php?rest_route=\/wp\/v2\/pages\/952","targetHints":{"allow":["GET"]}}],"collection":[{"href":"https:\/\/gefaehrliche-liebschaften.de\/index.php?rest_route=\/wp\/v2\/pages"}],"about":[{"href":"https:\/\/gefaehrliche-liebschaften.de\/index.php?rest_route=\/wp\/v2\/types\/page"}],"author":[{"embeddable":true,"href":"https:\/\/gefaehrliche-liebschaften.de\/index.php?rest_route=\/wp\/v2\/users\/1"}],"replies":[{"embeddable":true,"href":"https:\/\/gefaehrliche-liebschaften.de\/index.php?rest_route=%2Fwp%2Fv2%2Fcomments&post=952"}],"version-history":[{"count":65,"href":"https:\/\/gefaehrliche-liebschaften.de\/index.php?rest_route=\/wp\/v2\/pages\/952\/revisions"}],"predecessor-version":[{"id":2422,"href":"https:\/\/gefaehrliche-liebschaften.de\/index.php?rest_route=\/wp\/v2\/pages\/952\/revisions\/2422"}],"wp:attachment":[{"href":"https:\/\/gefaehrliche-liebschaften.de\/index.php?rest_route=%2Fwp%2Fv2%2Fmedia&parent=952"}],"curies":[{"name":"wp","href":"https:\/\/api.w.org\/{rel}","templated":true}]}}