{"id":1846,"date":"2022-12-23T12:02:31","date_gmt":"2022-12-23T10:02:31","guid":{"rendered":"https:\/\/gefaehrliche-liebschaften.de\/?page_id=1846"},"modified":"2025-07-07T21:33:20","modified_gmt":"2025-07-07T19:33:20","slug":"hier-sind-wir","status":"publish","type":"page","link":"https:\/\/gefaehrliche-liebschaften.de\/","title":{"rendered":"Hier sind wir!"},"content":{"rendered":"<div id=\"metaslider-id-2271\" style=\"width: 100%;\" class=\"ml-slider-3-109-0 metaslider metaslider-flex metaslider-2271 ml-slider has-dots-nav ms-theme-default-base\" role=\"region\" aria-label=\"Startseite NEU\" data-height=\"500\" data-width=\"800\">\n    <div id=\"metaslider_container_2271\">\n        <div id=\"metaslider_2271\">\n            <ul class='slides'>\n                <li style=\"display: block; width: 100%;\" class=\"slide-2279 ms-image \" aria-roledescription=\"slide\" data-date=\"2025-07-07 21:31:33\" data-filename=\"1-NEU-scaled-800x500.jpg\" data-slide-type=\"image\"><img loading=\"lazy\" decoding=\"async\" src=\"https:\/\/gefaehrliche-liebschaften.de\/wp-content\/uploads\/2025\/07\/1-NEU-scaled-800x500.jpg\" height=\"500\" width=\"800\" alt=\"\" class=\"slider-2271 slide-2279 msDefaultImage\" title=\"1 NEU\" \/><\/li>\n                <li style=\"display: none; width: 100%;\" class=\"slide-2278 ms-image \" aria-roledescription=\"slide\" data-date=\"2025-07-07 21:31:33\" data-filename=\"2-NEU-scaled-800x500.jpg\" data-slide-type=\"image\"><img loading=\"lazy\" decoding=\"async\" src=\"https:\/\/gefaehrliche-liebschaften.de\/wp-content\/uploads\/2025\/07\/2-NEU-scaled-800x500.jpg\" height=\"500\" width=\"800\" alt=\"\" class=\"slider-2271 slide-2278 msDefaultImage\" title=\"2 NEU\" \/><\/li>\n                <li style=\"display: none; width: 100%;\" class=\"slide-2281 ms-image \" aria-roledescription=\"slide\" data-date=\"2025-07-07 21:31:33\" data-filename=\"3-NEU-scaled-800x500.jpg\" data-slide-type=\"image\"><img loading=\"lazy\" decoding=\"async\" src=\"https:\/\/gefaehrliche-liebschaften.de\/wp-content\/uploads\/2025\/07\/3-NEU-scaled-800x500.jpg\" height=\"500\" width=\"800\" alt=\"\" class=\"slider-2271 slide-2281 msDefaultImage\" title=\"3 NEU\" \/><\/li>\n                <li style=\"display: none; width: 100%;\" class=\"slide-2280 ms-image \" aria-roledescription=\"slide\" data-date=\"2025-07-07 21:31:33\" data-filename=\"4-NEU-scaled-800x500.jpg\" data-slide-type=\"image\"><img loading=\"lazy\" decoding=\"async\" src=\"https:\/\/gefaehrliche-liebschaften.de\/wp-content\/uploads\/2025\/07\/4-NEU-scaled-800x500.jpg\" height=\"500\" width=\"800\" alt=\"\" class=\"slider-2271 slide-2280 msDefaultImage\" title=\"4 NEU\" \/><\/li>\n                <li style=\"display: none; width: 100%;\" class=\"slide-2288 ms-image \" aria-roledescription=\"slide\" data-date=\"2025-07-11 17:08:41\" data-filename=\"IMG_0200-scaled-800x500.jpg\" data-slide-type=\"image\"><img loading=\"lazy\" decoding=\"async\" src=\"https:\/\/gefaehrliche-liebschaften.de\/wp-content\/uploads\/2025\/07\/IMG_0200-scaled-800x500.jpg\" height=\"500\" width=\"800\" alt=\"\" class=\"slider-2271 slide-2288 msDefaultImage\" title=\"IMG_0200\" \/><\/li>\n            <\/ul>\n        <\/div>\n        \n    <\/div>\n<\/div>\n\n\n\n<p>Das Syndikat sucht Geschichten l\u00e4ndlicher R\u00e4ume, die zum Perspektivwechsel einladen und unsere Verflechtungen miteinander zeigen. Mal entsteht Theater, mal eine Ausstellung oder ein H\u00f6rspiel. Zwischen ehrlicher Begegnung und steiler Behauptung wird das Publikum zu Stellungnahmen verf\u00fchrt.<\/p>\n\n\n\n<figure class=\"wp-block-image size-large\"><img loading=\"lazy\" decoding=\"async\" width=\"700\" height=\"526\" src=\"https:\/\/gefaehrliche-liebschaften.de\/wp-content\/uploads\/2024\/11\/1000015074-700x526.jpg\" alt=\"\" class=\"wp-image-2232\" srcset=\"https:\/\/gefaehrliche-liebschaften.de\/wp-content\/uploads\/2024\/11\/1000015074-700x526.jpg 700w, https:\/\/gefaehrliche-liebschaften.de\/wp-content\/uploads\/2024\/11\/1000015074-300x225.jpg 300w, https:\/\/gefaehrliche-liebschaften.de\/wp-content\/uploads\/2024\/11\/1000015074-175x131.jpg 175w, https:\/\/gefaehrliche-liebschaften.de\/wp-content\/uploads\/2024\/11\/1000015074-768x577.jpg 768w, https:\/\/gefaehrliche-liebschaften.de\/wp-content\/uploads\/2024\/11\/1000015074.jpg 1280w\" sizes=\"auto, (max-width: 700px) 100vw, 700px\" \/><\/figure>\n\n\n\n<p>2023 feierten wir 10 Jahre Syndikat! Die Karte zeigt: Unser Prinzip ist das Wiederkommen. <\/p>\n\n\n\n<div><iframe loading=\"lazy\" src=\"https:\/\/www.google.com\/maps\/d\/u\/0\/embed?mid=1k5w1eS3_TW1nTQ9G8XtDTcA32zPH-vY&amp;ehbc=2E312F\" width=\"640\" height=\"480\"><\/iframe><\/div>\n\n\n\n<p>Erfahre mehr <a href=\"https:\/\/gefaehrliche-liebschaften.de\/?page_id=952\" data-type=\"page\" data-id=\"952\">\u00fcber uns<\/a>. Schau dir unsere <a href=\"https:\/\/gefaehrliche-liebschaften.de\/?page_id=1859\" data-type=\"page\" data-id=\"1859\">Produktionen<\/a> an. Schau mal in die <a href=\"https:\/\/gefaehrliche-liebschaften.de\/?page_id=2172\" data-type=\"page\" data-id=\"2172\">Mediathek<\/a>. Finde etwas \u00fcber unsere <a href=\"https:\/\/gefaehrliche-liebschaften.de\/?page_id=1182\" data-type=\"page\" data-id=\"1182\">Workshops<\/a> heraus. Abonniere unseren <a href=\"http:\/\/eepurl.com\/dhmt9v\" data-type=\"URL\" data-id=\"http:\/\/eepurl.com\/dhmt9v\" target=\"_blank\" rel=\"noreferrer noopener\">Newsletter<\/a> und folg uns auf <a href=\"https:\/\/www.instagram.com\/syndikat_gl\/\" data-type=\"URL\" data-id=\"https:\/\/www.instagram.com\/syndikat_gl\/\" target=\"_blank\" rel=\"noreferrer noopener\">Instagram<\/a>. Nimm <a href=\"https:\/\/gefaehrliche-liebschaften.de\/?page_id=955\" data-type=\"page\" data-id=\"955\">Kontakt<\/a> zu uns auf.<\/p>\n","protected":false},"excerpt":{"rendered":"<p>Das Syndikat sucht Geschichten l\u00e4ndlicher R\u00e4ume, die zum Perspektivwechsel einladen und unsere Verflechtungen miteinander zeigen. Mal entsteht Theater, mal eine Ausstellung oder ein H\u00f6rspiel. Zwischen ehrlicher Begegnung und steiler Behauptung wird das Publikum zu Stellungnahmen verf\u00fchrt. 2023 feierten wir 10 Jahre Syndikat! Die Karte zeigt: Unser Prinzip ist das Wiederkommen. Erfahre mehr \u00fcber uns. Schau&hellip; <a class=\"more-link\" href=\"https:\/\/gefaehrliche-liebschaften.de\/\"><span class=\"screen-reader-text\">Hier sind wir!<\/span> weiterlesen<\/a><\/p>\n","protected":false},"author":1,"featured_media":0,"parent":0,"menu_order":0,"comment_status":"closed","ping_status":"closed","template":"","meta":{"footnotes":""},"class_list":["post-1846","page","type-page","status-publish","hentry","entry"],"_links":{"self":[{"href":"https:\/\/gefaehrliche-liebschaften.de\/index.php?rest_route=\/wp\/v2\/pages\/1846","targetHints":{"allow":["GET"]}}],"collection":[{"href":"https:\/\/gefaehrliche-liebschaften.de\/index.php?rest_route=\/wp\/v2\/pages"}],"about":[{"href":"https:\/\/gefaehrliche-liebschaften.de\/index.php?rest_route=\/wp\/v2\/types\/page"}],"author":[{"embeddable":true,"href":"https:\/\/gefaehrliche-liebschaften.de\/index.php?rest_route=\/wp\/v2\/users\/1"}],"replies":[{"embeddable":true,"href":"https:\/\/gefaehrliche-liebschaften.de\/index.php?rest_route=%2Fwp%2Fv2%2Fcomments&post=1846"}],"version-history":[{"count":22,"href":"https:\/\/gefaehrliche-liebschaften.de\/index.php?rest_route=\/wp\/v2\/pages\/1846\/revisions"}],"predecessor-version":[{"id":2283,"href":"https:\/\/gefaehrliche-liebschaften.de\/index.php?rest_route=\/wp\/v2\/pages\/1846\/revisions\/2283"}],"wp:attachment":[{"href":"https:\/\/gefaehrliche-liebschaften.de\/index.php?rest_route=%2Fwp%2Fv2%2Fmedia&parent=1846"}],"curies":[{"name":"wp","href":"https:\/\/api.w.org\/{rel}","templated":true}]}}